 Calculate the greatest common factor of v and u.
6
Suppose 0 = -r - 4 - 6. Let y be 0 + r/(-2 - -1). Let b(q) = -q**2 - q + 5. Let o be b(0). Calculate the greatest common factor of o and y.
5
Let g(m) = -m**2 + 8*m - 9. Let n be g(6). Suppose 0 = n*v - 4*v + 154. Calculate the highest common factor of v and 14.
14
Suppose 7*x = -3*x + 130. Calculate the highest common divisor of 104 and x.
13
Let u be 2/(-6) - (-20)/6. Let n be 12 + -3*(-1)/u. Calculate the highest common divisor of n and 39.
13
Suppose -5*h = -336 + 56. Calculate the highest common divisor of h and 7.
7
Let w(d) = -d - 12. Let c be w(-13). Suppose j = y - 14, -5*y - 3*j + c = -29. What is the greatest common divisor of 9 and y?
9
Let p be 221 + 1 + -3 + 1. Suppose 5*a - 2*d + 66 - 344 = 0, -4*a + 4*d = -p. Calculate the greatest common factor of 7 and a.
7
Let a be (-2)/(-4)*(-4 - -4). Suppose a = l - 9. Calculate the highest common factor of l and 9.
9
Let s = 7 - -16. What is the greatest common divisor of s and 23?
23
Let l = -150 + 164. What is the highest common divisor of 10 and l?
2
Let a be (-4)/(12/(-9)) - 3. Suppose 0 = -2*r - 5*p + 9, -5*p - 3 = -a*r + r. Calculate the greatest common factor of r and 84.
12
Let c be 2/3 + 20/6. Let d(i) = -5*i + 794*i**3 - 795*i**3 + 10*i**2 - 3*i**2. Let x be d(c). What is the greatest common factor of x and 70?
14
Suppose 0 = -4*u + n + 58, 3*n = -5*u - 2*n + 85. What is the highest common divisor of u and 165?
15
Let i = -25 - -35. Suppose 0 = -3*o - 5*k - 11, 2*o - k = i - 0. What is the greatest common factor of o and 1?
1
Suppose -3*g - 6 = 0, 21 + 3 = j - 5*g. Suppose -n + 109 = -3*f, -2*n = n + 4*f - 340. What is the greatest common factor of n and j?
14
Suppose 0 = -0*s - 8*s + 1232. What is the greatest common divisor of s and 22?
22
Suppose u + 3 = 0, -5*u = 2*l + l - 36. Calculate the greatest common divisor of l and 136.
17
Suppose 2*a = -u + 5, 5*u - 2 = 3*u. Let p be 8 - (-2)/(a/(-3)). Calculate the highest common factor of p and 40.
5
Suppose -5*s = -7*s + 280. What is the highest common factor of 56 and s?
28
Suppose 21 = -3*h - 30. Let i = h - -29. What is the greatest common factor of i and 30?
6
Suppose -3*o - 170 = 4*b - o, 3*o - 3 = 0. Let v = -18 - b. What is the greatest common divisor of 10 and v?
5
Let o = -16 + 26. Let r be 4 - (-4 + 2 + 2). Calculate the highest common factor of o and r.
2
Suppose j + 4*o - 10 = -o, -10 = 3*j - 5*o. Suppose j = 4*x + x - 25. What is the highest common factor of 45 and x?
5
Let g be 3/(-3) + (-215)/(-5). What is the highest common divisor of g and 63?
21
Let c = 1149 - 749. Suppose c = 7*f - 5*f. Calculate the highest common factor of 25 and f.
25
Suppose -4*z = -2*c - 3*c - 5965, z - 5*c = 1495. Suppose -z = -x - 4*x. Let u = x + -122. What is the highest common divisor of u and 16?
16
Let t(b) = 6*b**3 - 3*b**2 + 3*b - 8. Let k be t(2). Calculate the greatest common factor of 136 and k.
34
Suppose 0 = 4*w - 30 - 354. What is the greatest common factor of w and 32?
32
Let m(x) = -1 - 1 + 1 - x. Suppose 17 + 4 = -3*q. Let o be m(q). Calculate the greatest common factor of 30 and o.
6
Let p(y) = y. Let w(v) = -15*v + 1. Let l(h) = -4*p(h) - w(h). Let g be l(1). Let j be (-2)/(-6)*3 + 3. What is the greatest common divisor of j and g?
2
Suppose p - 5*s + 40 = 6*p, 2*s = 0. Calculate the highest common factor of p and 8.
8
Suppose 3*h - 800 = h. Suppose 2*l + h = 7*l. Let w be (-16)/(-4)*(8 - 0). What is the greatest common factor of w and l?
16
Let s = -4 - -46. Calculate the highest common divisor of 14 and s.
14
Let n(a) = -a - 3*a + 5*a - 10*a. Let k be n(-1). Calculate the greatest common divisor of 9 and k.
9
Let p = 284 + -164. What is the highest common factor of p and 15?
15
Let n = 45 + -23. Calculate the highest common factor of n and 33.
11
Let v(u) = u + 5. Let c be v(0). Suppose -5*i - a + 0*a = 6, c*i - 5*a = -30. Let t be (-12)/i*(11 - -1). Calculate the greatest common factor of 8 and t.
8
Suppose -5*w - 26 = 3*z, 7 = w - 4*z + 3. Let o be 1/w*2*-56. What is the highest common factor of o and 252?
28
Let o(j) = -j**3 + 5*j**2 + 4*j + 8. Let u be o(6). Let y = 8 + u. Let k be -1*(0 + 0 - y). Calculate the highest common factor of 28 and k.
4
Let z = -33 + -9. Let u = 2 - z. Calculate the highest common divisor of 11 and u.
11
Suppose -65*q = -66*q + 35. Let f(h) = -h**2 + 5*h + 7. Let y be f(5). What is the greatest common factor of y and q?
7
Let k be 10*3/18*6. Let d be (8/(-6))/(k/(-45)). Calculate the highest common divisor of d and 12.
6
Suppose 3*p = -2*i, -4*i - 2*p + 2 = 3*p. Suppose 5*c - c + i*d - 64 = 0, 5*c = -d + 69. What is the greatest common factor of c and 104?
13
Let g be 1/2*4 - 0. Let c be 0*(-2 + (-10)/(-4)). Suppose k + 0*k - g = c. Calculate the highest common divisor of 16 and k.
2
Let k = 2 + 6. Let m = 0 + 3. Suppose 8*z - 40 = m*z. Calculate the greatest common divisor of k and z.
8
Let d = -17 + 14. Let s = d + 11. Calculate the highest common divisor of 4 and s.
4
Let n be (5 + -1)*1466/8. Suppose 2*z = n - 211. Let u be (-117)/(-4) - 1/4. Calculate the highest common factor of z and u.
29
Suppose 0 = 4*f - f - 9. Let c(b) = 2*b**3 - b + 1. Let j be c(1). Suppose u + 12 = d, f*d - 3*u = -j*d + 52. Calculate the greatest common divisor of d and 16.
8
Suppose 6*o + 10 = o, k - 2*o - 18 = 0. Calculate the greatest common factor of 140 and k.
14
Let y be (-15)/(-5)*-1 + 4. What is the greatest common factor of 11 and y?
1
Suppose 0 = 2*h - 31 + 1. Let x = -8 + 14. Let y be (-9 + -16)*x/(-10). Calculate the highest common divisor of y and h.
15
Suppose 5*d - 35 = -5. Let f = -3 + d. Suppose -2*m + 4*t = -8, 4*t - t = f*m - 18. What is the highest common divisor of 4 and m?
4
Let p = 25 - 13. What is the highest common divisor of p and 8?
4
Let s(u) = -u + 21. Let v be s(9). Calculate the greatest common factor of v and 36.
12
Let b = 20 + -12. Calculate the highest common divisor of 56 and b.
8
Let u = -11 - -8. Let o(q) = -3*q + 2. Let n be o(u). Let i be (-30)/(-4)*44/6. What is the greatest common divisor of i and n?
11
Suppose 2*o + 30 = 4*o. Let n be (-6114)/(-51) - 14/(-119). Calculate the greatest common factor of o and n.
15
Let f(r) = r**3 - 6*r**2 - 4*r - 1. Let i be f(7). Let z = -14 + i. Calculate the highest common divisor of z and 6.
6
Let o(s) = s**3 - 4. Let u be o(0). Let n be 27/6*u/(-3). What is the greatest common factor of 54 and n?
6
Suppose h + 1 - 41 = 0. Calculate the greatest common factor of 8 and h.
8
Let y(c) = c**3 + 6*c**2 + 3*c + 1. Let g be y(-5). Calculate the greatest common divisor of g and 121.
11
Let g be 6 - 7 - 9*-3. Calculate the greatest common factor of 26 and g.
26
Let x(k) = -2*k**3 - 22*k**2 + 7*k + 26. Let d be x(-12). Calculate the highest common factor of 10 and d.
10
Let t(k) = -5*k + 5. Let c be t(-8). Calculate the greatest common divisor of 18 and c.
9
Suppose 3*n + 161 + 109 = 0. Let u be (-2)/(-12) + (-165)/n. Calculate the highest common factor of 1 and u.
1
Suppose -9 = 5*q - 8*q. Suppose q*x = 15, 5*b - 3*b + 5*x - 165 = 0. What is the greatest common divisor of 14 and b?
14
Suppose -3*d + 0*d - 12 = 0. Let i be 1 - -1 - (-12 + d). Suppose 2*r - 180 = -3*r. What is the highest common factor of i and r?
18
Suppose 255 = 2*y + 93. What is the highest common divisor of y and 9?
9
Let j(c) = c**3 + 16*c**2 - 19*c - 16. Let r be j(-17). Let y be (-1 - (-10)/6)*3. Suppose y*f - 36 = -0*f. Calculate the greatest common factor of r and f.
18
Let b(m) = m - 18. Let o be b(7). Let a = o - -12. Calculate the greatest common divisor of 1 and a.
1
Suppose -55 = -8*f + 13*f. Let i = f + 26. What is the greatest common factor of i and 120?
15
Suppose -3*x - 3*i = -8 - 19, -x + 4*i + 4 = 0. Suppose 2*y - 16 = -0*y + 3*q, y + 18 = -5*q. What is the highest common divisor of y and x?
2
Let h = -4 - -7. Let z be (-36)/(-16)*8/h. Calculate the greatest common factor of 4 and z.
2
Suppose -1 = z - 4*c - 9, c + 44 = 2*z. What is the greatest common divisor of z and 24?
24
Let x = 2 + 10. Suppose -3*c + x = -u, 0*u = 4*u - 12. Suppose -c*o + 84 = 3*z - 51, -25 = -5*z. Calculate the greatest common divisor of 8 and o.
8
Let u(s) = 8*s**3 - 3*s**2 + 2*s - 2. Let v be u(2). What is the highest com